ue
Is 41929 a prime number?
False
Is 476611 a prime number?
True
Is 323641 a prime number?
True
Is 365903 prime?
True
Is 115093 composite?
True
Is 79571 a composite number?
True
Is 328557 prime?
False
Is 5519 a composite number?
False
Is 107519 prime?
False
Is 259 a prime number?
False
Is 251 prime?
True
Is 4201 a prime number?
True
Is 47181 composite?
True
Is 8807 a prime number?
True
Is 40711 composite?
True
Is 383587 a prime number?
True
Is 311893 composite?
True
Is 127009 a prime number?
False
Is 101141 a composite number?
False
Is 101026 prime?
False
Is 179345 a prime number?
False
Is 199687 a prime number?
True
Is 101633 prime?
False
Is 226762 composite?
True
Is 1029934 prime?
False
Is 1138 a prime number?
False
Is 52051 composite?
False
Is 16123 a composite number?
True
Is 706463 prime?
True
Is 24263 a prime number?
False
Is 10247 a prime number?
True
Is 44467 prime?
False
Is 193969 prime?
False
Is 191579 prime?
True
Is 71017 a composite number?
True
Is 41177 prime?
True
Is 7583 prime?
True
Is 289031 a composite number?
False
Is 19409 a composite number?
True
Is 2180966 a composite number?
True
Is 162119 a composite number?
False
Is 1005103 a prime number?
False
Is 1961281 a composite number?
True
Is 20039 composite?
True
Is 73001 a prime number?
False
Is 64391 a prime number?
False
Is 43751 composite?
True
Is 8413 a composite number?
True
Is 445619 a composite number?
False
Is 6737 a prime number?
True
Is 11069 composite?
False
Is 17999 composite?
True
Is 2599 prime?
False
Is 40297 composite?
True
Is 1280993 a composite number?
True
Is 304301 composite?
False
Is 9127 a composite number?
False
Is 50929 prime?
True
Is 4421 a prime number?
True
Is 69001 prime?
True
Is 67103 a prime number?
True
Is 954911 prime?
True
Is 142294 a composite number?
True
Is 3948463 a prime number?
True
Is 16463 composite?
True
Is 233 a composite number?
False
Is 575389 prime?
False
Is 58207 a composite number?
False
Is 7523 a prime number?
True
Is 11719 a prime number?
True
Is 90905 composite?
True
Is 14813 a prime number?
True
Is 262007 a composite number?
False
Is 531769 prime?
False
Is 68813 a composite number?
False
Is 564391 composite?
False
Is 9517 a prime number?
False
Is 1361 a composite number?
False
Is 5602 prime?
False
Is 103319 a prime number?
True
Is 56387 a prime number?
False
Is 5611 composite?
True
Is 25777 a composite number?
True
Is 16369 prime?
True
Is 3137 composite?
False
Is 13499 a prime number?
True
Is 27361 a prime number?
True
Is 43853 a prime number?
True
Is 12437 prime?
True
Is 36857 a prime number?
True
Is 1354787 prime?
False
Is 4571 prime?
False
Is 13957 a prime number?
False
Is 95762 a prime number?
False
Is 25199 a prime number?
False
Is 7723 composite?
False
Is 651229 a prime number?
False
Is 10895 prime?
False
Is 10451 a composite number?
True
Is 416947 a prime number?
True
Is 3214481 a composite number?
False
Is 3251 a composite number?
False
Is 104693 prime?
True
Is 186007 composite?
False
Is 8879 composite?
True
Is 15781 prime?
False
Is 79 composite?
False
Is 3041 prime?
True
Is 154871 composite?
False
Is 399473 a composite number?
False
Is 514229 a composite number?
False
Is 223555 a prime number?
False
Is 173577 prime?
False
Is 257783 prime?
True
Is 6197 prime?
True
Is 2843 composite?
False
Is 53065 composite?
True
Is 3647 a composite number?
True
Is 213103 composite?
True
Is 2044147 a prime number?
False
Is 384017 a prime number?
True
Is 51691 prime?
True
Is 144587 a composite number?
True
Is 45614 composite?
True
Is 57221 prime?
True
Is 96299 a composite number?
True
Is 3061 prime?
True
Is 9427 a composite number?
True
Is 38261 a composite number?
False
Is 2459 composite?
False
Is 143755 a composite number?
True
Is 3163 a composite number?
False
Is 92849 composite?
False
Is 595181 composite?
False
Is 771 a prime number?
False
Is 5969 prime?
False
Is 3449 a prime number?
True
Is 123601 a composite number?
False
Is 3359 prime?
True
Is 9107 composite?
True
Is 245467 a composite number?
True
Is 36145 composite?
True
Is 99521 prime?
False
Is 1319 a composite number?
False
Is 6805 a composite number?
True
Is 1681 a prime number?
False
Is 901903 prime?
False
Is 17291 prime?
True
Is 100313 a prime number?
True
Is 13309 a prime number?
True
Is 267131 prime?
True
Is 4200863 composite?
False
Is 7349 prime?
True
Is 3643 prime?
True
Is 593 a prime number?
True
Is 85049 a prime number?
True
Is 20593 prime?
True
Is 21401 prime?
True
Is 8491 composite?
True
Is 16671 composite?
True
Is 45377 prime?
True
Is 27011 a composite number?
False
Is 1067 composite?
True
Is 26947 a prime number?
True
Is 449 a prime number?
True
Is 69767 a composite number?
False
Is 18397 composite?
False
Is 175822 a prime number?
False
Is 2183 prime?
False
Is 60073 a prime number?
False
Is 232447 a prime number?
False
Is 1280203 a prime number?
False
Is 10487 prime?
True
Is 21963 a composite number?
True
Is 30491 prime?
True
Is 16427 a prime number?
True
Is 384469 a composite number?
False
Is 9735889 prime?
True
Is 9133 a composite number?
False
Is 20477 prime?
True
Is 419 composite?
False
Is 43831 prime?
False
Is 4201 composite?
False
Is 9671 composite?
True
Is 5353 composite?
True
Is 260006 prime?
False
Is 10487 a prime number?
True
Is 42737 composite?
False
Is 20249 prime?
True
Is 248129 a composite number?
True
Is 1451 composite?
False
Is 59615 a prime number?
False
Is 94739 a composite number?
True
Is 21881 a composite number?
False
Is 45727 a prime number?
False
Is 1315 prime?
False
Is 1323431 a composite number?
False
Is 1401 prime?
False
Is 869249 a composite number?
False
Is 4754411 a composite number?
True
Is 2309 a composite number?
False
Is 2443 a composite number?
True
Is 149347 a composite number?
True
Is 299111 a prime number?
False
Is 1103069 composite?
True
Is 671569 composite?
True
Is 18773 a composite number?
False
Is 8081 composite?
False
Is 5981 a composite number?
False
Is 269317 a prime number?
True
Is 573 a composite number?
True
Is 122777 a composite number?
False
Is 9487 prime?
False
Is 16153 prime?
False
Is 17698 prime?
False
Is 1236161 a composite number?
False
Is 17147 composite?
True
Is 166817 composite?
True
Is 14919 a composite number?
True
Is 38443 a composite number?
True
Is 73642 a prime number?
False
Is 198035 composite?
True
Is 31013 prime?
True
Is 4727 prime?
False
Is 4327 composite?
False
Is 15877 composite?
False
Is 1641 a prime number?
False
Is 153393 prime?
False
Is 107889 prime?
False
Is 15689 a prime number?
False
Is 10883 a prime number?
True
Is 13829 prime?
True
Is 36973 composite?
False
Is 235943 composite?
True
Is 13201 a composite number?
True
Is 22921 composite?
False
Is 40459 a composite number?
False
Is 8567 a composite number?
True
Is 149213 a composite number?
False
Is 4339781 a prime number?
True
Is 11677 a composite number?
False
Is 208189 a composite number?
False
Is 142813 a prime number?
False
Is 7669 composite?
False
Is 1406881 a prime number?
False
Is 47811 composite?
True
Is 12266 a composite number?
True
Is 2045 prime?
False
Is 11311 prime?
True
Is 19207 prime?
True
Is 43123 a composite number?
True
Is 31163 composite?
True
Is 8779 composite?
False
Is 109661 a prime number?
True
Is 3831 a prime number?
False
Is 223462 composite?
True
Is 12149 composite?
False
Is 4333 composite?
True
Is 9587 a prime number?
True
Is 1337 a prime number?
False
Is 1717 composite?
True
Is 2237 prime?
True
Is 4867 a prime number?
False
Is 155 a composite number?
True
Is 7517 a prime number?
True
Is 21963 a composite number?
True
Is 1273 prime?
False
Is 189149 composite?
False
Is 2533 composite?
True
Is 56501 a prime number?
True
Is 4376803 prime?
False
Is 12491 prime?
True
Is 239657 prime?
False
Is 85297 a composite number?
False
Is 471769 prime?
True
Is 310927 a composite number?
False
Is 10291 a prime number?
False
Is 15727 a composite number?
False
Is 1537337 a composite number?
False
Is 26002 a composite number?
True
Is 11069 prime?
True
Is 49783 prime?
True
Is 31281 a composite number?
True
Is 4009 prime?
False
Is 13153 composite?
True
Is 26371 prime?
True
Is 251 a composite number?
False
Is 1361 a prime number?
True
Is 347489 a prime number?
True
Is 779327 a composite number?
False
Is 229529 prime?
True
Is 2771 